{"id":444,"date":"2025-12-15T16:21:21","date_gmt":"2025-12-15T15:21:21","guid":{"rendered":"https:\/\/www.agrivoltages.eu\/?page_id=444"},"modified":"2025-12-23T12:00:22","modified_gmt":"2025-12-23T11:00:22","slug":"chi-siamo","status":"publish","type":"page","link":"https:\/\/www.agrivoltages.eu\/index.php\/it\/chi-siamo\/","title":{"rendered":"Chi siamo"},"content":{"rendered":"\n<p class=\"wp-block-paragraph\">Il progetto AgriVOLTages mira a modernizzare l&#8217;istruzione e la formazione professionale nel campo emergente dell&#8217;agrivoltaico, dove la produzione agricola \u00e8 combinata con la generazione di energia solare. Il progetto creer\u00e0 un percorso formativo completo che fornir\u00e0 ad agricoltori, agronomi e formatori VET competenze rilevanti per il mercato nell&#8217;integrazione delle energie rinnovabili, nell&#8217;ottimizzazione energetica e nell&#8217;agricoltura intelligente dal punto di vista climatico. Il progetto produrr\u00e0 un pacchetto formativo completo sull&#8217;agrivoltaico, 12 scenari VR immersivi con simulazioni pratiche, uno strumento di apprendimento basato sull&#8217;intelligenza artificiale e una rete di apprendimento ibrido multilingue per uno scambio continuo di conoscenze. Questi risultati accelereranno l&#8217;adozione di sistemi agrivoltaici, favoriranno la produzione sostenibile di cibo ed energia e sosterranno gli obiettivi del Green Deal dell&#8217;UE e di REPowerEU riducendo l&#8217;impronta di carbonio dell&#8217;agricoltura e rafforzando la resilienza energetica delle aree rurali.<\/p>\n","protected":false},"excerpt":{"rendered":"<p>Il progetto AgriVOLTages mira a modernizzare l&#8217;istruzione e la formazione professionale nel campo emergente dell&#8217;agrivoltaico, dove la produzione agricola \u00e8 combinata con la generazione di energia solare. Il progetto creer\u00e0 un percorso formativo completo che fornir\u00e0 ad agricoltori, agronomi e formatori VET competenze rilevanti per il mercato nell&#8217;integrazione delle energie rinnovabili, nell&#8217;ottimizzazione energetica e nell&#8217;agricoltura [&hellip;]<\/p>\n","protected":false},"author":3,"featured_media":0,"parent":0,"menu_order":0,"comment_status":"closed","ping_status":"closed","template":"","meta":{"_crdt_document":"","footnotes":""},"class_list":["post-444","page","type-page","status-publish","hentry"],"_links":{"self":[{"href":"https:\/\/www.agrivoltages.eu\/index.php\/wp-json\/wp\/v2\/pages\/444","targetHints":{"allow":["GET"]}}],"collection":[{"href":"https:\/\/www.agrivoltages.eu\/index.php\/wp-json\/wp\/v2\/pages"}],"about":[{"href":"https:\/\/www.agrivoltages.eu\/index.php\/wp-json\/wp\/v2\/types\/page"}],"author":[{"embeddable":true,"href":"https:\/\/www.agrivoltages.eu\/index.php\/wp-json\/wp\/v2\/users\/3"}],"replies":[{"embeddable":true,"href":"https:\/\/www.agrivoltages.eu\/index.php\/wp-json\/wp\/v2\/comments?post=444"}],"version-history":[{"count":2,"href":"https:\/\/www.agrivoltages.eu\/index.php\/wp-json\/wp\/v2\/pages\/444\/revisions"}],"predecessor-version":[{"id":668,"href":"https:\/\/www.agrivoltages.eu\/index.php\/wp-json\/wp\/v2\/pages\/444\/revisions\/668"}],"wp:attachment":[{"href":"https:\/\/www.agrivoltages.eu\/index.php\/wp-json\/wp\/v2\/media?parent=444"}],"curies":[{"name":"wp","href":"https:\/\/api.w.org\/{rel}","templated":true}]}}